hat is 10100110001111 (base 2) in base 3?
112121001
What is 14f8 (base 16) in base 15?
18cd
-1010010 (base 3) to base 16
-32d
What is 2524 (base 6) in base 11?
521
Convert -7527 (base 10) to base 7.
-30642
Convert -320311 (base 4) to base 16.
-e35
Convert 355 (base 16) to base 4.
31111
-1b4 (base 15) to base 16
-18a
Convert 33113 (base 5) to base 12.
13a3
-a3 (base 14) to base 9
-168
What is 1021 (base 10) in base 9?
1354
Convert 8703 (base 9) to base 4.
1210002
What is -30323 (base 4) in base 10?
-827
-120503 (base 6) to base 15
-31d6
What is 71d (base 14) in base 10?
1399
What is -1001010001100 (base 2) in base 15?
-1618
-3286 (base 13) to base 15
-2144
What is 788 (base 10) in base 2?
1100010100
4d6 (base 14) to base 6
4300
Convert 342023 (base 5) to base 7.
50250
Convert -1aad2 (base 14) to base 3.
-10110021112
-573 (base 12) to base 15
-38c
Convert 4138 (base 13) to base 6.
105404
Convert 49 (base 15) to base 12.
59
What is 1465 (base 15) in base 6?
32122
What is 14835 (base 10) in base 15?
45e0
-2033 (base 6) to base 2
-111000101
Convert 3032320 (base 4) to base 6.
141144
203 (base 15) to base 12
319
Convert 133121 (base 5) to base 3.
21102102
What is -10333 (base 4) in base 2?
-100111111
What is 9b0 (base 12) in base 5?
21203
-5141 (base 6) to base 11
-948
What is 206 (base 11) in base 15?
118
Convert 10a84 (base 12) to base 15.
6901
What is -cb9 (base 14) in base 5?
-40030
Convert 920 (base 15) to base 9.
2733
-2211212 (base 3) to base 10
-2075
Convert -421 (base 12) to base 13.
-373
What is -2001020200 (base 3) in base 6?
-510243
Convert 2120001 (base 3) to base 16.
748
11130021 (base 4) to base 10
22281
10979 (base 11) to base 5
1001231
Convert -743 (base 8) to base 11.
-3aa
What is 30424 (base 11) in base 10?
44433
Convert 687 (base 11) to base 10.
821
What is 152 (base 16) in base 9?
415
Convert -530 (base 16) to base 7.
-3605
30436 (base 7) to base 6
54214
-8b (base 16) to base 12
-b7
-10001 (base 2) to base 8
-21
Convert 1232 (base 5) to base 3.
21010
Convert -168 (base 14) to base 4.
-10200
What is -8692 (base 10) in base 5?
-234232
Convert -20030 (base 7) to base 12.
-295b
1461 (base 13) to base 6
21400
Convert -20130 (base 5) to base 8.
-2412
What is 19a1 (base 13) in base 3?
12021120
-22011211 (base 3) to base 13
-2938
What is -120 (base 9) in base 13?
-78
-330000 (base 4) to base 8
-7400
Convert -674 (base 10) to base 5.
-10144
What is -24182 (base 10) in base 4?
-11321312
What is -1331121 (base 5) in base 6?
-325100
181 (base 12) to base 7
463
-71785 (base 9) to base 15
-e035
What is -13000111 (base 4) in base 13?
-100a2
Convert 3204 (base 5) to base 6.
1553
What is -42140 (base 8) in base 9?
-26008
Convert -132022 (base 4) to base 16.
-78a
105451 (base 6) to base 8
21507
What is -11110100001010 (base 2) in base 12?
-9062
-2053 (base 9) to base 6
-10550
What is 54103 (base 9) in base 6?
433433
111011101 (base 3) to base 6
112231
What is -1393 (base 11) in base 16?
-704
What is 1396 (base 14) in base 4?
312020
Convert 56b0 (base 14) to base 11.
10342
What is -826 (base 16) in base 15?
-941
What is 2133 (base 5) in base 8?
445
What is 282 (base 11) in base 16?
14c
Convert -16126 (base 11) to base 10.
-22776
What is -8348 (base 16) in base 7?
-166661
What is 101001101001110 (base 2) in base 12?
10412
Convert 4110 (base 6) to base 12.
636
What is 1327 (base 9) in base 5?
12442
-36580 (base 9) to base 8
-57726
What is -1ff (base 16) in base 2?
-111111111
Convert 1553 (base 6) to base 11.
360
-4873a (base 11) to base 15
-15b87
321023 (base 5) to base 6
121455
What is -2882 (base 9) in base 16?
-884
Convert 239 (base 11) to base 13.
18b
What is -128 (base 10) in base 11?
-107
Convert -22605 (base 7) to base 6.
-42443
Convert -1011001100 (base 2) to base 5.
-10331
-3383 (base 12) to base 10
-5715
Convert 1655 (base 9) to base 3.
1201212
What is 11110021 (base 3) in base 5?
100442
What is -32 (base 6) in base 12?
-18
-492 (base 16) to base 4
-102102
What is -2f6 (base 16) in base 7?
-2132
Convert 10111011010 (base 2) to base 13.
8b3
What is 1053a (base 13) in base 2?
111001100001111
-1000100010100010 (base 2) to base 16
-88a2
What is 1da (base 14) in base 3?
112101
Convert 307 (base 8) to base 2.
11000111
What is -2a0 (base 16) in base 14?
-360
-1265 (base 8) to base 15
-313
Convert -3174 (base 9) to base 15.
-a5a
What is -30322 (base 6) in base 16?
-faa
What is -6546 (base 10) in base 14?
-2558
What is -10101000110000 (base 2) in base 15?
-3300
-361 (base 16) to base 13
-517
Convert -151 (base 7) to base 16.
-55
-1011111 (base 2) to base 3
-10112
What is -20001021 (base 3) in base 16?
-1138
What is 4241 (base 6) in base 10?
961
-cb36 (base 13) to base 12
-14438
1303220 (base 5) to base 3
1021220001
Convert -1239 (base 12) to base 8.
-4015
Convert -24a0 (base 12) to base 11.
-3135
Convert -1461 (base 10) to base 8.
-2665
What is 133 (base 16) in base 7?
616
What is -22530 (base 8) in base 3?
-111010002
Convert 816 (base 14) to base 4.
120310
-171 (base 9) to base 16
-91
Convert -6453 (base 8) to base 11.
-2595
53d9 (base 14) to base 7
60162
-4922a (base 11) to base 2
-10001010010100001
2133332 (base 4) to base 6
115222
Convert 1000111101000 (base 2) to base 14.
1956
What is 11011000 (base 2) in base 8?
330
Convert 30231 (base 7) to base 5.
213243
-295 (base 16) to base 4
-22111
12013 (base 8) to base 13
2449
Convert 67 (base 16) to base 10.
103
-2501 (base 10) to base 11
-1974
What is 11202332 (base 4) in base 9?
34142
What is -1420303 (base 5) in base 7?
-151604
Convert 189 (base 12) to base 8.
371
Convert -18379 (base 11) to base 4.
-12102022
-2901 (base 10) to base 12
-1819
What is 111122122 (base 3) in base 12?
5915
Convert -200301 (base 6) to base 7.
-63442
What is 61b (base 16) in base 7?
4362
What is 3442 (base 5) in base 13?
2c3
What is 2143 (base 5) in base 6?
1214
Convert -42 (base 6) to base 7.
-35
Convert -4423 (base 8) to base 5.
-33243
Convert -c483 (base 14) to base 16.
-8423
10422 (base 5) to base 4
23201
-110011110 (base 2) to base 12
-2a6
-2250 (base 7) to base 6
-3443
What is -110332 (base 5) in base 15?
-1212
Convert -1121202 (base 3) to base 10.
-1181
Convert 2d2 (base 15) to base 8.
1207
8d26 (base 16) to base 14
d250
What is -221100 (base 4) in base 3?
-10121210
-7671 (base 11) to base 10
-10121
Convert 21423 (base 5) to base 4.
113100
What is -20132 (base 4) in base 10?
-542
What is 111010000100000 (base 2) in base 4?
13100200
Convert 120211222 (base 3) to base 11.
8755
Convert 2320131 (base 4) to base 13.
54b1
-16a5 (base 11) to base 7
-6222
What is -4437 (base 9) in base 7?
-12355
Convert -1234412 (base 5) to base 6.
-304433
Convert -213322 (base 4) to base 6.
-15454
18ab (base 15) to base 2
1010011011000
-3375 (base 10) to base 16
-d2f
What is 1202121201 (base 3) in base 9?
52551
Convert -176a (base 13) to base 4.
-312030
24a0 (base 12) to base 9
5623
Convert -17086 (base 12) to base 14.
-c006
-1001110011101011 (base 2) to base 6
-505551
What is c026 (base 16) in base 2?
1100000000100110
111110010 (base 2) to base 3
200110
What is 4132 (base 6) in base 4?
32120
12335 (base 7) to base 2
110010111100
Convert -27938 (base 13) to base 10.
-74069
What is 11032 (base 4) in base 13?
1c9
-a (base 13) to base 16
-a
Convert 6050 (base 9) to base 16.
1143
Convert 20a35 (base 13) to base 10.
58856
-65151 (base 7) to base 16
-3f4e
-22425 (base 7) to base 13
-2799
Convert -94a (base 15) to base 8.
-4057
What is 15f9 (base 16) in base 5?
140000
Convert 367 (base 10) to base 8.
557
What is 10011000000 (base 2) in base 13?
727
What is -10130030 (base 4) in base 13?
-8381
Convert -2204 (base 5) to base 6.
-1224
-1023 (base 8) to base 13
-31b
What is 4b6 (base 14) in base 9?
1258
What is 9b (base 13) in base 16?
80
What is 5114 (base 7) in base 11?
1374
What is -22210200 (base 3) in base 10?
-6417
What is 72041 (base 8) in base 11?
20377
What is 1501 (base 11) in base 6?
12545
What is -103200 (base 4) in base 9?
-1636
What is a37 (base 16) in base 3?
10120212
What is 110102 (base 4) in base 5?
20143
Convert 27b4 (base 13) to base 16.
165c
Convert -835 (base 9) to base 3.
-221012
What is -2326 (base 7) in base 16?
-355
What is -1d258 (base 14) in base 2?
-10010001100111110
What is 12555 (base 6) in base 5?
30233
-3a8 (ba